
      {"id":2967,"date":"2025-12-01T00:59:08","date_gmt":"2025-12-01T00:59:08","guid":{"rendered":"https:\/\/prueba.jabutec.com.do\/?product=perfil-a08288-a07_2-piko-negro-klus-2"},"modified":"2025-12-26T20:03:45","modified_gmt":"2025-12-26T20:03:45","slug":"perfil-a08288-a07_2-piko-negro-klus-2","status":"publish","type":"product","link":"https:\/\/conssa.com.do\/?product=perfil-a08288-a07_2-piko-negro-klus-2","title":{"rendered":"Perfil A18030A07_2 DES-KPL. KLUS de suspensi\u00f3n negro"},"content":{"rendered":"<p>Perfil A18030A07_2 DES-KPL. KLUS DE SUSPENSION NEGRO<\/p>\n","protected":false},"excerpt":{"rendered":"<p>Iluminaci\u00f3n arriba\/abajo Compartimento para el controlador y los componentes el\u00e9ctricos F\u00e1cil mantenimiento Amplia gama de accesorios Posibilidad de obtener UGR &lt; 19 Solicitud \u2013 iluminaci\u00f3n principal y decorativa Montaje \u2013 suspendido, utilizando un riel de montaje espec\u00edfico y accesorios espec\u00edficos Informaci\u00f3n adicional \u2013 La alimentaci\u00f3n se puede asegurar dentro del perfil mediante accesorios espec\u00edficos. \u2013 Si elige una longitud de perfiles\/cubiertas diferente a la disponible en el est\u00e1ndar, deber\u00e1 elegir adicionalmente el servicio de corte en KLU\u015a \u2013 Opci\u00f3n de pintura NCS Premium \u2013 cantidad m\u00ednima de pedido 30 piezas \u2013 disponible bajo pedido en 14 d\u00eda<\/p>\n","protected":false},"featured_media":4246,"comment_status":"open","ping_status":"closed","template":"","meta":[],"product_brand":[162],"product_cat":[141],"product_tag":[],"class_list":{"0":"post-2967","1":"product","2":"type-product","3":"status-publish","4":"has-post-thumbnail","6":"product_brand-klus","7":"product_cat-perfile-negro","9":"first","10":"instock","11":"shipping-taxable","12":"product-type-simple"},"_links":{"self":[{"href":"https:\/\/conssa.com.do\/index.php?rest_route=\/wp\/v2\/product\/2967","targetHints":{"allow":["GET"]}}],"collection":[{"href":"https:\/\/conssa.com.do\/index.php?rest_route=\/wp\/v2\/product"}],"about":[{"href":"https:\/\/conssa.com.do\/index.php?rest_route=\/wp\/v2\/types\/product"}],"replies":[{"embeddable":true,"href":"https:\/\/conssa.com.do\/index.php?rest_route=%2Fwp%2Fv2%2Fcomments&post=2967"}],"wp:featuredmedia":[{"embeddable":true,"href":"https:\/\/conssa.com.do\/index.php?rest_route=\/wp\/v2\/media\/4246"}],"wp:attachment":[{"href":"https:\/\/conssa.com.do\/index.php?rest_route=%2Fwp%2Fv2%2Fmedia&parent=2967"}],"wp:term":[{"taxonomy":"product_brand","embeddable":true,"href":"https:\/\/conssa.com.do\/index.php?rest_route=%2Fwp%2Fv2%2Fproduct_brand&post=2967"},{"taxonomy":"product_cat","embeddable":true,"href":"https:\/\/conssa.com.do\/index.php?rest_route=%2Fwp%2Fv2%2Fproduct_cat&post=2967"},{"taxonomy":"product_tag","embeddable":true,"href":"https:\/\/conssa.com.do\/index.php?rest_route=%2Fwp%2Fv2%2Fproduct_tag&post=2967"}],"curies":[{"name":"wp","href":"https:\/\/api.w.org\/{rel}","templated":true}]}}