
      {"id":3002,"date":"2025-12-01T01:01:01","date_gmt":"2025-12-01T01:01:01","guid":{"rendered":"https:\/\/prueba.jabutec.com.do\/?product=perfil-aluminio-18030-des-kpl-klus-de-suspension"},"modified":"2025-12-26T20:06:22","modified_gmt":"2025-12-26T20:06:22","slug":"perfil-aluminio-18030-des-kpl-klus-de-suspension","status":"publish","type":"product","link":"https:\/\/conssa.com.do\/?product=perfil-aluminio-18030-des-kpl-klus-de-suspension","title":{"rendered":"Perfil A18030 DES-KPL. KLUS de suspension"},"content":{"rendered":"<p>PERFIL ALUMINIO 18030 DES-KPL. KLUS DE SUSPENSION<\/p>\n","protected":false},"excerpt":{"rendered":"<ul>\n<li><span dir=\"auto\">Iluminaci\u00f3n arriba\/abajo<\/span><\/li>\n<li><span dir=\"auto\">Compartimento para el controlador y los componentes el\u00e9ctricos<\/span><\/li>\n<li><span dir=\"auto\">F\u00e1cil mantenimiento<\/span><\/li>\n<li><span dir=\"auto\">Amplia gama de accesorios<\/span><\/li>\n<li><span dir=\"auto\">Posibilidad de obtener UGR &lt; 19<\/span><\/li>\n<\/ul>\n<div class=\"pc-info__title\"><span dir=\"auto\">Solicitud<\/span><\/div>\n<div class=\"pc-info__content\">\n<ul>\n<li><span dir=\"auto\">&#8211; iluminaci\u00f3n principal y decorativa<\/span><\/li>\n<\/ul>\n<\/div>\n<div class=\"pc-info__title\"><span dir=\"auto\">Montaje<\/span><\/div>\n<div class=\"pc-info__content\">\n<ul>\n<li><span dir=\"auto\">&#8211; suspendido, utilizando un riel de montaje espec\u00edfico y accesorios espec\u00edficos<\/span><\/li>\n<\/ul>\n<\/div>\n<div class=\"pc-info__title\"><span dir=\"auto\">Informaci\u00f3n adicional<\/span><\/div>\n<div class=\"pc-info__content\">\n<ul>\n<li><span dir=\"auto\">&#8211; La alimentaci\u00f3n se puede asegurar dentro del perfil mediante accesorios espec\u00edficos.<\/span><\/li>\n<li><span dir=\"auto\">&#8211; Si elige una longitud de perfiles\/cubiertas diferente a la disponible en el est\u00e1ndar, deber\u00e1 elegir adicionalmente el servicio de corte en KLU\u015a<\/span><\/li>\n<li><span dir=\"auto\">&#8211; Opci\u00f3n de pintura NCS Premium &#8211; cantidad m\u00ednima de pedido 30 piezas &#8211; disponible bajo pedido en 14 d\u00edas<\/span><\/li>\n<\/ul>\n<\/div>\n","protected":false},"featured_media":4241,"comment_status":"open","ping_status":"closed","template":"","meta":[],"product_brand":[162],"product_cat":[142],"product_tag":[],"class_list":{"0":"post-3002","1":"product","2":"type-product","3":"status-publish","4":"has-post-thumbnail","6":"product_brand-klus","7":"product_cat-perfiles","9":"first","10":"instock","11":"shipping-taxable","12":"product-type-simple"},"_links":{"self":[{"href":"https:\/\/conssa.com.do\/index.php?rest_route=\/wp\/v2\/product\/3002","targetHints":{"allow":["GET"]}}],"collection":[{"href":"https:\/\/conssa.com.do\/index.php?rest_route=\/wp\/v2\/product"}],"about":[{"href":"https:\/\/conssa.com.do\/index.php?rest_route=\/wp\/v2\/types\/product"}],"replies":[{"embeddable":true,"href":"https:\/\/conssa.com.do\/index.php?rest_route=%2Fwp%2Fv2%2Fcomments&post=3002"}],"wp:featuredmedia":[{"embeddable":true,"href":"https:\/\/conssa.com.do\/index.php?rest_route=\/wp\/v2\/media\/4241"}],"wp:attachment":[{"href":"https:\/\/conssa.com.do\/index.php?rest_route=%2Fwp%2Fv2%2Fmedia&parent=3002"}],"wp:term":[{"taxonomy":"product_brand","embeddable":true,"href":"https:\/\/conssa.com.do\/index.php?rest_route=%2Fwp%2Fv2%2Fproduct_brand&post=3002"},{"taxonomy":"product_cat","embeddable":true,"href":"https:\/\/conssa.com.do\/index.php?rest_route=%2Fwp%2Fv2%2Fproduct_cat&post=3002"},{"taxonomy":"product_tag","embeddable":true,"href":"https:\/\/conssa.com.do\/index.php?rest_route=%2Fwp%2Fv2%2Fproduct_tag&post=3002"}],"curies":[{"name":"wp","href":"https:\/\/api.w.org\/{rel}","templated":true}]}}