
      {"id":3005,"date":"2025-12-01T01:01:08","date_gmt":"2025-12-01T01:01:08","guid":{"rendered":"https:\/\/prueba.jabutec.com.do\/?product=perfil-c1167-piko-o-klus"},"modified":"2025-12-26T19:53:34","modified_gmt":"2025-12-26T19:53:34","slug":"perfil-c1167-piko-o-klus","status":"publish","type":"product","link":"https:\/\/conssa.com.do\/?product=perfil-c1167-piko-o-klus","title":{"rendered":"Perfil A01167 PIKO-O KLUS"},"content":{"rendered":"<p>Perfil C1167 PIKO-O KLUS<\/p>\n","protected":false},"excerpt":{"rendered":"<ul>\n<li><span dir=\"auto\">uminaria de secci\u00f3n redonda<\/span><\/li>\n<li><span dir=\"auto\">Di\u00e1metro m\u00ednimo de la secci\u00f3n transversal<\/span><\/li>\n<li><span dir=\"auto\">Superficies de perfil lisas<\/span><\/li>\n<li><span dir=\"auto\">Ajuste de la direcci\u00f3n de la luminaria<\/span><\/li>\n<\/ul>\n<div class=\"pc-info__title\"><span dir=\"auto\">Montaje<\/span><\/div>\n<div class=\"pc-info__content\">\n<ul>\n<li><span dir=\"auto\">&#8211; suspendido, utilizando accesorios dedicados<\/span><\/li>\n<li><span dir=\"auto\">&#8211; F\u00e1cil montaje y desmontaje mediante encaje a presi\u00f3n.<\/span><\/li>\n<\/ul>\n<\/div>\n<div class=\"pc-info__title\"><span dir=\"auto\">Informaci\u00f3n adicional<\/span><\/div>\n<div class=\"pc-info__content\">\n<ul>\n<li><span dir=\"auto\">&#8211; Para suspender perfiles de tama\u00f1o peque\u00f1o, se recomienda utilizar un alambre con un di\u00e1metro de 0,5 mm.<\/span><\/li>\n<li><span dir=\"auto\">&#8211; Si elige una longitud de perfiles\/cubiertas diferente a la disponible en el est\u00e1ndar, deber\u00e1 elegir adicionalmente el servicio de corte en KLU\u015a<\/span><\/li>\n<\/ul>\n<\/div>\n","protected":false},"featured_media":4224,"comment_status":"open","ping_status":"closed","template":"","meta":[],"product_brand":[162],"product_cat":[142],"product_tag":[],"class_list":{"0":"post-3005","1":"product","2":"type-product","3":"status-publish","4":"has-post-thumbnail","6":"product_brand-klus","7":"product_cat-perfiles","9":"first","10":"instock","11":"shipping-taxable","12":"product-type-simple"},"_links":{"self":[{"href":"https:\/\/conssa.com.do\/index.php?rest_route=\/wp\/v2\/product\/3005","targetHints":{"allow":["GET"]}}],"collection":[{"href":"https:\/\/conssa.com.do\/index.php?rest_route=\/wp\/v2\/product"}],"about":[{"href":"https:\/\/conssa.com.do\/index.php?rest_route=\/wp\/v2\/types\/product"}],"replies":[{"embeddable":true,"href":"https:\/\/conssa.com.do\/index.php?rest_route=%2Fwp%2Fv2%2Fcomments&post=3005"}],"wp:featuredmedia":[{"embeddable":true,"href":"https:\/\/conssa.com.do\/index.php?rest_route=\/wp\/v2\/media\/4224"}],"wp:attachment":[{"href":"https:\/\/conssa.com.do\/index.php?rest_route=%2Fwp%2Fv2%2Fmedia&parent=3005"}],"wp:term":[{"taxonomy":"product_brand","embeddable":true,"href":"https:\/\/conssa.com.do\/index.php?rest_route=%2Fwp%2Fv2%2Fproduct_brand&post=3005"},{"taxonomy":"product_cat","embeddable":true,"href":"https:\/\/conssa.com.do\/index.php?rest_route=%2Fwp%2Fv2%2Fproduct_cat&post=3005"},{"taxonomy":"product_tag","embeddable":true,"href":"https:\/\/conssa.com.do\/index.php?rest_route=%2Fwp%2Fv2%2Fproduct_tag&post=3005"}],"curies":[{"name":"wp","href":"https:\/\/api.w.org\/{rel}","templated":true}]}}