
      {"id":518,"date":"2025-10-22T10:36:31","date_gmt":"2025-10-22T10:36:31","guid":{"rendered":"https:\/\/prueba.jabutec.com.do\/?product=baliza-7w-jt-15334-jardin-2700k-negro-105580mm-85-265v"},"modified":"2025-11-30T08:32:00","modified_gmt":"2025-11-30T08:32:00","slug":"baliza-7w-jt-15334-jardin-2700k-negro-105580mm-85-265v","status":"publish","type":"product","link":"https:\/\/conssa.com.do\/?product=baliza-7w-jt-15334-jardin-2700k-negro-105580mm-85-265v","title":{"rendered":"Baliza 7w JT-15334 JARD\u00cdN 2700K NEGRO 105*580mm 85-265v"},"content":{"rendered":"<p><br data-mce-bogus=\"1\"><\/p>\n","protected":false},"excerpt":{"rendered":"<p>Baliza LED para jard\u00edn, 7W, luz muy c\u00e1lida 2700K. Color negro. Altura 580mm, di\u00e1metro 105mm. Voltaje universal 85-265V.<\/p>\n","protected":false},"featured_media":2118,"comment_status":"open","ping_status":"closed","template":"","meta":[],"product_brand":[],"product_cat":[52],"product_tag":[],"class_list":{"0":"post-518","1":"product","2":"type-product","3":"status-publish","4":"has-post-thumbnail","6":"product_cat-balizas-de-jardin","8":"first","9":"instock","10":"shipping-taxable","11":"product-type-simple"},"_links":{"self":[{"href":"https:\/\/conssa.com.do\/index.php?rest_route=\/wp\/v2\/product\/518","targetHints":{"allow":["GET"]}}],"collection":[{"href":"https:\/\/conssa.com.do\/index.php?rest_route=\/wp\/v2\/product"}],"about":[{"href":"https:\/\/conssa.com.do\/index.php?rest_route=\/wp\/v2\/types\/product"}],"replies":[{"embeddable":true,"href":"https:\/\/conssa.com.do\/index.php?rest_route=%2Fwp%2Fv2%2Fcomments&post=518"}],"wp:featuredmedia":[{"embeddable":true,"href":"https:\/\/conssa.com.do\/index.php?rest_route=\/wp\/v2\/media\/2118"}],"wp:attachment":[{"href":"https:\/\/conssa.com.do\/index.php?rest_route=%2Fwp%2Fv2%2Fmedia&parent=518"}],"wp:term":[{"taxonomy":"product_brand","embeddable":true,"href":"https:\/\/conssa.com.do\/index.php?rest_route=%2Fwp%2Fv2%2Fproduct_brand&post=518"},{"taxonomy":"product_cat","embeddable":true,"href":"https:\/\/conssa.com.do\/index.php?rest_route=%2Fwp%2Fv2%2Fproduct_cat&post=518"},{"taxonomy":"product_tag","embeddable":true,"href":"https:\/\/conssa.com.do\/index.php?rest_route=%2Fwp%2Fv2%2Fproduct_tag&post=518"}],"curies":[{"name":"wp","href":"https:\/\/api.w.org\/{rel}","templated":true}]}}